rmine p(1).
-5
Let i(t) = t**3 + 17*t**2 - 30*t + 19. Let v(f) = 3*f**2 - 6*f + 3. Let g(s) = -2*i(s) + 11*v(s). Give g(-1).
2
Let d(i) be the third derivative of -i**7/2520 + i**5/60 - i**4/24 - 23*i**3/3 - 23*i**2 + 3. Let c(w) be the second derivative of d(w). Calculate c(6).
-34
Let g(a) be the third derivative of a**7/630 - a**6/360 - a**5/60 - 19*a**4/6 + 6*a**2 + 4. Let t(l) be the second derivative of g(l). Calculate t(3).
28
Suppose 5*a - c - 14 = 2*a, 3*a - 34 = 5*c. Let l(d) = d + 1 + d + 4*d - a*d**2 + d - 6*d + 2*d**3. Give l(3).
31
Let l(f) = -f**2 + 99*f - 1521. Let r be l(19). Let o(d) = d**2 + 1 - d - 3 + 3*d**3 + 0*d. What is o(r)?
-3
Let p = 1330 + -1333. Let t(i) = -3*i**2 - 12*i + 2. Calculate t(p).
11
Let w(m) = -3*m**3 + 5*m**2 + 10*m + 5. Let s(l) = -2*l**3 + l**2 + 12*l + 4. Let v(f) = 4*s(f) - 3*w(f). Calculate v(2).
1
Let u(b) = -104*b + 167. Let a(c) = -256*c + 416. Let k(r) = 9*a(r) - 22*u(r). Calculate k(4).
6
Let z(x) be the second derivative of x**5/20 - 5*x**4/12 + x**3/6 - x**2 - 1216*x. Let q be 54*((-8)/3 + 2). Let j be (-1)/(-3) + (-168)/q. Calculate z(j).
3
Let h(k) = k**2 - 10*k + 6. Let a(l) = 14*l + 4. Let y be a(2). Suppose z - 21 - y = 0. Suppose -55*n + z*n = -18. Give h(n).
-3
Let y(o) = -o + o + 2*o - 2*o + 4 - o. Suppose n = -3*w + 33, -w - n + 43 = 3*w. What is y(w)?
-6
Let g = -128 - -140. Let i be (g + 3)*(-2 + (-7)/(-3)). Suppose -i*h = h + 30. Let c(a) = 2*a**2 + 7*a - 1. Calculate c(h).
14
Let r(c) = -3*c + 34. Suppose -28*h + 24*h = 84. Let b be h/5 + 4 + 594/45. Give r(b).
-5
Let o(v) = 5*v**2 - 2*v - 3. Let p(g) = g**3 + g**2 + 17*g + 16. Let a be p(-1). Calculate o(a).
4
Suppose -8*n + 57*n + 250 = -n. Let s(p) = -3*p**3 - 15*p**2 + 8*p + 42. What is s(n)?
2
Let t(p) = p - 20. Let m(x) = -3*x + 23. Let i(a) = -m(a) - t(a). Suppose 0*l = 2*l - 26. Suppose r - 2*d - 4 + 0 = 0, -4*r + 5*d + l = 0. Calculate i(r).
1
Let v(p) = p**3 - 6*p**2 - p + 3. Suppose 0 = s - 6, 10*t + 4*s = 6*t + 48. Calculate v(t).
-3
Let r(k) be the second derivative of -11*k**5/20 - k**4/12 - 7*k**3/6 - 3*k**2 - 1760*k. Give r(-1).
11
Let p = -97 + 100. Let h(f) = -12*f**p + 13*f**3 - 207*f**2 + 201*f**2 + 2*f - 9. Calculate h(6).
3
Let s(j) = -j + 10. Let o be s(15). Let v(m) be the second derivative of 0 - 2*m**2 - 1/2*m**3 - 19*m. Give v(o).
11
Let s(p) = 89*p**2 - 57*p - 747. Let a(i) = 67*i**2 - 57*i - 747. Let l(u) = -4*a(u) + 3*s(u). What is l(68)?
-1
Let n(q) be the second derivative of -q**3/3 + q**2 + q. Suppose -o - 12 = -h, 559*o = 564*o + 13*h - 120. What is n(o)?
6
Let t(m) = m**3 - 4*m**2 - 2*m - 6. Suppose 0 = 250*h - 248*h. Suppose -2*j - 3*a + a - 146 = h, 0 = 5*j + a + 361. Let k = -67 - j. Determine t(k).
9
Let x(n) = 4*n**3 + 4*n**2 - 6*n - 5. Let u(p) = 5*p**3 + 3*p**2 - 6*p - 4. Let a(q) = 5*u(q) - 6*x(q). Let k be (-120)/15*(5 + -6). Give a(k).
-6
Let f(z) = z**3 - z**2 - 2*z - 2. Suppose -10 = -0*y - y - 4*d, -4*y - 5*d + 18 = 0. Suppose -2*r - y*r + 29 = 3*x, 5*x + 4*r - 35 = 0. Determine f(x).
10
Suppose 5*h + 2*z + 46 = 96, 0 = 3*h + 2*z - 30. Let l(o) = 3*o - 23. Calculate l(h).
7
Suppose 0 = 4*b + 11 - 7. Let a be b + -3 - -5*2. Let k(g) = -a*g**2 + 2*g + 10*g**2 - 12*g**2 - 2 - 6 + g**3. Determine k(8).
8
Let g(c) = -7*c - 178. Let n(p) = -3*p - 60. Let l(v) = 4*g(v) - 11*n(v). Give l(12).
8
Let z(f) be the third derivative of f**6/120 + 19*f**5/60 + 2*f**4/3 - 14*f**3/3 + 85*f**2 + 4*f. What is z(-18)?
8
Let f be ((-190)/15)/(2*(-1)/3). Let q(d) = -24 - f + 44 + 15*d. Determine q(-1).
-14
Let m(i) = 20*i + 282. Let l be m(-14). Let d(z) = 13*z - 19. Give d(l).
7
Let m(p) = -5*p**3 + 8*p**2 + 13*p - 45. Let b(c) = 6*c**3 - 9*c**2 - 12*c + 47. Let s(q) = -4*b(q) - 5*m(q). Give s(6).
7
Let t(n) be the first derivative of -3*n**2 + 77*n + 560. Give t(9).
23
Suppose -4*b - 1400 - 2024 = 0. Let n = 858 + b. Let w(a) = 2*a**3 + a**2 + 2*a. Calculate w(n).
24
Let y = -48 + 50. Suppose 186*o - y = 184*o. Let p(n) = n**3 - n**2 + 2*n - 1. Give p(o).
1
Let t be -2 + 4 + 4 + 3 + -5. Let v(a) be the first derivative of -a**3/3 + a**2 + 10*a + 659. Give v(t).
2
Let y(q) = q**2 + 10*q + 11. Suppose -10 = -29*j + 19. Let w be (-2)/8*j - (-341)/(-44). Determine y(w).
-5
Let z(j) = -7*j - 1. Let v = -2 - 0. Let g = 1057 - 1060. Let s be (v - 4*-2)/((-6)/g). What is z(s)?
-22
Let m(d) = 29*d**3 - 84*d**2 - 33*d + 18. Let n(z) = 7*z**3 - 20*z**2 - 8*z + 4. Let t(j) = 6*m(j) - 25*n(j). Let o be (-16)/(-20)*5/(-1). Give t(o).
0
Let b(u) = -u**3 - 5*u**2 - 3*u + 1. Let h(v) = v + 260 - v + 2*v - 265. Let p be h(13). Let r be (7/p)/(-1 + (-24)/(-27)). Calculate b(r).
-8
Let p(h) = -h**3 + 3*h**2 + 17*h + 10. Let q(t) = -132*t**2 - 1586*t - 18. Let o be q(-12). Determine p(o).
4
Let v(r) = -4*r**2 - 37*r + 15. Let w(g) = 5*g**2 + 53*g - 16. Let n(b) = 4*v(b) + 3*w(b). What is n(13)?
-14
Let q(j) be the third derivative of j**5/60 + j**4/2 + 8*j**3/3 - 1722*j**2. Determine q(-3).
-11
Let a(d) = 6*d + 2. Let j(f) = -3*f. Let m be (-3)/(-4) - (-3)/12. Let h(t) = m*a(t) - j(t). What is h(3)?
29
Let b(u) = -u**2 - u + 1. Let d(w) = -5*w**2 - 3*w + 6. Let i(a) = 4*b(a) - d(a). Let r = -7 + 10. Suppose -r - 3 = -3*o. Give i(o).
0
Let t(s) = s**2 - 3*s - 7. Suppose -12 = -o + 11. Let f = 149 - 143. Suppose -13 - o = -f*g. Determine t(g).
11
Let g(a) = 1512*a + 1503*a - 3013*a + 8*a**3 + 1. Let r be -2 + -3 + 2 + 7. Suppose -3*c - r = -1. Give g(c).
-9
Suppose -7*x = -26*x + 38. Suppose -2*y + z - 3 = 0, -5*y - x*z + 3*z = 6. Let q(k) = -7*k**2 - 1. Determine q(y).
-8
Let z(t) be the first derivative of -2*t**3 - t**2 + 3*t - 1834. Calculate z(1).
-5
Let w be 8/(-36) + (-112)/(-18). Let s be ((-3)/w)/((3 + -2)/10). Let c(o) = 6 + 6 - 1 + 0 + o. Calculate c(s).
6
Suppose -3*v = 340*h - 338*h - 132, 4*h = -v + 34. Let j(t) = t**2 - 36*t - 458. Calculate j(v).
2
Suppose -p + 2*v + 1 = -4, -3*v - 3 = 3*p. Suppose 6*j - 7*j = -p. Let t(n) = 2*n + 0 - j + 2 + 1. What is t(-4)?
-6
Let s(q) be the third derivative of q**4/8 + 7*q**3/6 - 30*q**2. Suppose 13*h - 6*h = -21. Calculate s(h).
-2
Let y(d) = 9*d - 439. Let t be y(49). Let c(z) be the first derivative of t*z - 2 - 1/2*z**2. Calculate c(2).
0
Let q(v) = -v**2 - 5*v + 8. Let b = -41 - -8. Let t = b - -37. Suppose -t*z - 2*j = 30, -z - 4*j + j - 15 = 0. Determine q(z).
2
Let y(z) = -17*z + 56. Suppose f = -g - 7*g + 20, -2*g = -4. What is y(f)?
-12
Let u = 62 - 61. Let o be 14 + -9 + (-3)/u. Let b(r) = 3*r**2 + 3*r - 7. Let y(v) = 2*v**2 + 3*v - 6. Let t(i) = -5*b(i) + 6*y(i). Give t(o).
-7
Let m = -54 - -18. Let b = m + 68. Let q = b + -29. Let x(z) = 3*z - 1. Give x(q).
8
Let i(w) = -w**3 + 4*w**2 + w + 22. Let u be i(5). Let p(m) = -11*m. Give p(u).
-22
Let z(w) be the first derivative of -1/12*w**4 - 7*w**2 - 3/2*w**3 + 0*w + 2. Let q(d) be the second derivative of z(d). Determine q(-6).
3
Let o(j) = 23*j**2 - 10 + 25*j**2 + 24*j + 20 - 47*j**2. What is o(-24)?
10
Let g(m) = -7*m - 58. Suppose -17*r + 1335 - 495 = -137*r. Determine g(r).
-9
Let a(i) = -5*i**3 + 12*i**2 - 4*i + 3. Let o(d) = 9*d**3 - 145*d + 152*d + 11*d**2 - 34*d**2 - 7. Let p(g) = 11*a(g) + 6*o(g). Determine p(-6).
3
Let v(m) = 7*m + 119. Let a(c) = 76*c - 1462. Let x be a(19). Give v(x).
-7
Let f be ((-4)/(-1))/((-26)/(-39)). Let d = f + 0. Let w(c) = 8 + c - 4 + 3 + 0. What is w(d)?
13
Let n(u) = -19*u - 53. Let y = -5276 - -5274. What is n(y)?
-15
Let n(p) = p**2 - 12*p - 6. Suppose 63 = 3*u + 4*f, 64 = 31*u - 27*u + 2*f. What is n(u)?
7
Let v(h) = -3*h**2 + 93*h - 248. Let k be v(28). Let a(r) = 2*r**2 - 8*r + 38. Give a(k).
38
Let p(c) = c**3 + c - 1. Let i = 139 - 138. Let k(x) = 0 - 3 + 6*x**2 + 6*x**3 - 1 + 11*x. Let z(r) = i*k(r) - 5*p(r). Calculate z(-5).
-4
Let g(f) = f**3 - 11*f**2 - 7. Let v be 7 + 31 - (1 + -2). Suppose v = 3*y - 3*t, 0*y - 35 = -3*y + t. Give g(y).
-7
Let v be 1456/240 - (-5)/(-75). Let g(x) = 4 - 8*x + x**2 - 1 + 1. Determine g(v).
-8
Let h be 20/25*((-4375)/(-10) + 5). Let q(m) = -176 - 167 + m + h. What is q(-14)?
-3
Let t(j) = 42 - 2*j - 85 + 40. Suppose 5*c - 4*v = -15, 5*c + 21 = 2*v + 6. Determine t(c).
3
Let x(v) = 13*v - 8*v**2 - 80*v**3 - 37*v**3 + 116*v**3 + 43. Calculate x(-9).
7
Let k = 10 - 25. Let y be k/6*8/10. Let f(n) be the third derivative of